 + f = 5*d. Calculate o(d).
-2
Let t(z) be the third derivative of z**5/60 + 17*z**4/24 + z**3 - 214*z**2. What is t(-15)?
-24
Let i(l) = -2*l - 37. Let t(h) = 3*h**3 - 17*h**2 - 4*h + 53. Let p be t(5). Give i(p).
-3
Let y(g) = -g**3 + 5*g**2 + 2*g - 11. Let o(n) = -n**3 - 6*n**2 - 3*n + 14. Let h(r) = 4*o(r) + 5*y(r). Determine h(1).
-9
Let t(a) = 4*a**2 - 2*a + 1 + 0*a + a**2 + 3*a**2 - 7*a**2. Determine t(7).
36
Suppose -481*h + 527*h = 184. Let m(p) = p**2 - 3*p + 20. Give m(h).
24
Let g be -44*(1/(-4) - -1). Let x = 29 + g. Let m(p) = -p. Give m(x).
4
Let p(g) = 2*g - 1. Let w(l) = 3*l**2 + l + 1. Let m be w(-1). Suppose b - 17 = -m*a, 0 = -2*a - 3*b + 4*b + 13. Let h be (-7)/((-21)/a) + 2. What is p(h)?
7
Let r(i) = i**2 - 7*i - 1. Suppose b + 24 = 30. Give r(b).
-7
Let y(t) be the first derivative of t**5/30 - t**4/12 + t**3/3 - t**2/2 + 2. Let f(q) be the second derivative of y(q). Suppose 7*p = -8*p + 30. Determine f(p).
6
Let a(z) = -6*z - 4. Let b(s) = -5*s - 5. Let u(f) = 2*a(f) - 3*b(f). Let p(n) = -3*n - 8. Let j = 1304 + -1299. Let g(c) = j*u(c) + 4*p(c). What is g(-3)?
-6
Let c(j) = -j**2 + 8*j - 16. Suppose 9*n + 36 = 21*n. Calculate c(n).
-1
Let j(v) = -v**3 - 2*v**2 + 5*v - 9. Let a be j(-4). Let m(o) = 3*o - a + o - 5*o + 2. Determine m(-4).
3
Let a(f) = -20*f - 567. Let h be a(-28). Let j(g) = -2*g**2 - 12*g - 6. What is j(h)?
-20
Let r = 140 + -137. Let z be (-54)/9 - (2 - (-2 + r)). Let i(w) = w**2 + 9*w - 2. Give i(z).
-16
Suppose -31*b + 34*b + s = 23, -2*b = 5*s - 24. Let a(p) = -p**2 + p - 9. What is a(b)?
-51
Suppose -55 = 2*w - 39. Let q(j) = -j**2 - 9*j - 7. Determine q(w).
1
Let i(a) = -a**2 + 3*a**2 + 3*a + 3*a**2 - 5*a + 1 - 4*a**2. Suppose 5 = g + 4. Determine i(g).
0
Let x(m) = -2*m**2 - 2*m + 3. Let n = 49 - 45. Suppose 2*d + 3*q = -2*q + 19, n*d - q = -17. Calculate x(d).
-9
Let n = -4 - -6. Let l(q) = -q**3 + 2*q**2 + q + 1. Let i be l(n). Let a(d) = d**2 - 7*d**2 + 2 + d**i + 5*d - 2*d + d. What is a(5)?
-3
Let z(x) = 5*x**2 + 11. Let k(c) = 6*c**2 - c + 13. Let g(v) = 6*k(v) - 7*z(v). Suppose 5*w = 5*l - 0*w - 25, l = -4*w. Give g(l).
-7
Let r be (-1 + -8)*(5 + -6). Suppose -2*m + r = m. Let q(l) = l**2 + 5*l**2 - l**2 - l**m + 7 - l. Calculate q(5).
2
Let p(m) = m + 2. Let b be p(-2). Suppose -x + 0*x + 3 = b. Let u(r) = 3*r + 7. Let y(h) = 7*h + 15. Let c(o) = -9*u(o) + 4*y(o). Determine c(x).
0
Let g(s) = -s**2 + 2*s + 6. Let w(a) = -4*a**2 + 7*a + 16. Let x(f) = -7*g(f) + 2*w(f). Let q(b) = -b**2 - 4*b. Let u be q(-4). Give x(u).
-10
Let w(l) = -l - 1 - 4*l + 3*l. Suppose -d - 4*a = -13, 4*d + 0*d - 28 = -4*a. Let m(n) = n**3 - 6*n**2 + 2*n + 12. Let k be m(d). Determine w(k).
5
Let o = -450 + 1351/3. Let z(m) be the third derivative of 0*m**5 + m**2 - o*m**3 - 1/120*m**6 + 0 + 0*m + 1/12*m**4. What is z(2)?
-6
Let n(o) = -o**3 - 4*o**2 + 4*o - 3. Let t be n(-5). Let v(z) = 4 + t + 5 + z**2 - 2*z**2. Let m(r) = -2*r + 22. Let c be m(11). Give v(c).
11
Suppose 4*t + 16 = 0, -3*x = -5*t - 12 - 2. Let z(n) = -3*n**2 - 4*n - 2. Give z(x).
-6
Let v(a) = -a**3 - 31*a - 36*a - 38*a + 106*a - 2*a**2 + 2. Let m = 2 - 5. Determine v(m).
8
Let r = 1223 - 1217. Let b(u) be the first derivative of 1/2*u**2 - 5*u - r. Give b(3).
-2
Let w(a) = -3 - a**2 - 2*a - a - 16879*a**3 + 16880*a**3 + 0*a - 2*a**2. Determine w(4).
1
Suppose 6*d - 20 = -4*d. Let i(s) = s + s + 2*s**d + 1 - s. Calculate i(2).
11
Let y be 6*1/(-12)*-4. Let b(a) = -a**2 + 13. Let v be b(0). Suppose -2*f = -5*w + v, 3*f - w = y*w + 3. Let k(c) = -c**3 + 5*c**2 + 4*c - 7. Determine k(f).
-19
Let o(a) be the first derivative of 6*a + 7/3*a**3 + 3*a**2 + 1/4*a**4 - 12. Calculate o(-6).
6
Suppose -s = -1 + 1. Let u(t) = 0 + 1 + s - 5 + t. Determine u(3).
-1
Suppose 38*j - 41*j + 27 = 0. Let r(p) = p**2 - 11*p + 8. Give r(j).
-10
Suppose -2*q = q - 3, 2*s + 4*q = 12. Let t(p) = p**3 - 3*p**2 - 3*p - 3. Determine t(s).
1
Let g(j) = -19*j + 2 + 12*j + 9*j + 2. Suppose -5*p - b = 31, -5*p + 0*b - 5*b - 15 = 0. Determine g(p).
-10
Let z(t) be the first derivative of 6*t + 26 + 1/2*t**2. What is z(-11)?
-5
Let x be 0 + -5 + 10/(1 - -1). Suppose -5*m - 4*c + 10 = 0, -4*m = -2*m + 2*c - 4. Let p be -6*(x + (-1)/m). Let n(z) = 2*z - 2. What is n(p)?
4
Let y(r) = -212*r**2 + 1 + 96*r**2 - 12*r**3 + 116*r**2. Give y(-1).
13
Let a be 7*(2 + -1) + 0. Suppose 3*l - a*l + 16 = 0. Let z(w) = 0 + l*w - 3 - 3*w. Calculate z(2).
-1
Let r(l) = -4*l - 1 + 173*l**2 + 172*l**2 - 344*l**2. Determine r(4).
-1
Suppose -j = -4*j. Suppose -p + j = -5. Let g(u) = -u**2 + 5*u + 4. What is g(p)?
4
Suppose -2*u = -8, -i - 32*u + 16 = -29*u. Let f(x) = x. Determine f(i).
4
Let x(a) be the third derivative of -a**6/120 - a**5/15 - a**4/24 + 2*a**3/3 - 51*a**2. Let z be (-2)/(-2*(-1)/3). Calculate x(z).
-2
Let z(s) be the second derivative of -2*s**3/3 + 72*s + 1. Calculate z(2).
-8
Let p be -2*84/(-14) - 4. Let b(z) = 2*z**2 - 21*z + 32. What is b(p)?
-8
Let u(c) = c**3 + 3*c**2 + 2*c + 2. Let a be (-208)/(-56) - 4/(-14). Suppose -q = q - a. Suppose -n = -q*d + 2 - 3, 3*d + 5*n + 34 = 0. What is u(d)?
-4
Let k(i) = 12*i + 1. Let f(d) = -4*d - 22. Let p be f(-5). Let c be (1 - p)/(3 - (-2 - -2)). What is k(c)?
13
Let p(z) be the second derivative of 0*z**2 + 1/3*z**4 + 0 + 24*z - 1/2*z**3 - 1/20*z**5. Let a = 0 + 2. Give p(a).
2
Let m(k) = k + 9. Suppose -1 = -c + 4. Let y be c - (0 + 3) - 2. What is m(y)?
9
Suppose 74 - 56 = -3*r. Let l(m) = m**2 - m. Let t(v) = -v**3 - v**2 - 6*v - 1. Let b(p) = -5*l(p) + t(p). Calculate b(r).
5
Let h = -2715 - -2727. Let p(y) = y**3 - 12*y**2 - 8. What is p(h)?
-8
Let y(q) = 9*q + 5. Let o(j) = 2 - 97*j + 49*j + 51*j. Let u(n) = 11*o(n) - 4*y(n). Let r = 5 - 2. Determine u(r).
-7
Let h(i) = -11*i**2 + 2*i + 1. Let b(a) = a**2 - 20. Let g be b(6). Let l(z) = z**3 - 16*z**2 + z - 17. Let o be l(g). Determine h(o).
-12
Let l(j) be the second derivative of j**8/6720 - j**7/504 - j**6/120 - j**5/30 - 5*j**4/3 + 23*j. Let x(f) be the third derivative of l(f). Give x(6).
-4
Let d(g) = 2*g**2 - 1. Suppose 4*s - 4*f + 448 = 0, 194 = s - 3*s - 4*f. Let q = s + 106. What is d(q)?
1
Suppose 3*h + 2*h = 20. Let g(z) = h + 4*z - 5*z + 2 - 2*z. Determine g(5).
-9
Let a(l) = 4 - 5 + 2 + 0*l - 3*l. Let c = -15 - -11. Let y = 1 + c. What is a(y)?
10
Let o(k) be the third derivative of 0 + 1/2*k**3 + 0*k - 9*k**2 - 1/12*k**4. Give o(2).
-1
Let x(r) = -12*r + 220. Let f be x(18). Let v(d) = -d**2 + 7*d - 2. Let o(y) = 1. Let i(q) = -4*o(q) + v(q). Calculate i(f).
6
Let s(v) = -v**2 - 4*v + 5. Let l = 7 - -3. Let t(x) = -x - 7*x - x**3 - l*x**2 + 7 - 2. Let p be t(-9). Calculate s(p).
5
Let o(q) = -q**3 + 10*q**2 + 10*q + 13. Let r be o(11). Suppose -r*p + 3*u + 12 = 0, -2*p + 0*p - 3*u = 0. Let f(x) = x**3 - 3*x**2 - 1. Give f(p).
-1
Let l(u) be the second derivative of 0 + 1/2*u**2 + 2/5*u**5 + 1/6*u**3 - 36*u + 0*u**4. Determine l(-1).
-8
Let z be (-2)/(-1) + (3 - 1). Let q be (-2)/(3/(z + 2)). Let u be 4 + -7 + -4 - q. Let a(v) = -v**3 - 2*v**2 + 4*v. Give a(u).
-3
Let d(q) = -2*q - 2. Let y(h) = 2*h + 11. Let n(u) = -u - 6. Let v(l) = 11*n(l) + 6*y(l). Let i(a) = d(a) + 3*v(a). Give i(-6).
-8
Suppose 0 = -105*h + 101*h - 28. Let d(q) = q**3 + 7*q**2 - 2*q + 4. Calculate d(h).
18
Let m = 13 + -20. Let t(b) = 311 + 3*b - 157 - 2*b - 140. Give t(m).
7
Let c = 1 - 2. Let r(a) be the second derivative of a**3/6 - a**2/2 - 5*a. Let v(g) = g**2 - 3*g + 3. Let b(j) = 6*r(j) + 2*v(j). Give b(c).
2
Let v(z) be the first derivative of -z**3/3 - 7*z**2/2 + 6*z - 628. Calculate v(0).
6
Let w = -8 + 11. Suppose -4*s + 2 = -2*b, -4*s = -0*s + 3*b - 7. Let x(q) = -q**2 - q. Let u(n) = 2*n**2 - 6*n - 7. Let t(m) = s*u(m) + w*x(m). Calculate t(-5).
13
Let t(a) = 4*a**2 + 2*a**2 - 3*a + 8*a + 5*a + 12 - 7*a**2. What is t(9)?
21
Let i(v) = 7*v + 2. Let o(r) = 43*r + 12. Let y(q) = -6*i(q) + o(q). Let g(k) = -2*k - 10. Let n be g(-7). Determine y(n).
4
Let p(o) = -2*o**2 + o. Let z = -54 - -46. Let b(v) = v**3 + 9*v**2 + 9*v + 6. Let h be b(z). Determine p(h).
-10
Let k(t) = -5*t + 12. Suppose -12*x = -20*x - 40. Give k(x).
37
Let r(q) = 3*q**2 - 3 - 1 + 3*q + 6. Let s be (-31)/(-6) + 2/(-12). Suppose -2*l - 8 - 10 = 4*o, -s*o - 2*l - 20 = 0. What is r(o)?
8
Suppose -12 = -5*b - 